{"id":103,"date":"2018-08-14T08:38:04","date_gmt":"2018-08-14T08:38:04","guid":{"rendered":"https:\/\/stiftung-hilfreich.de\/?page_id=103"},"modified":"2023-06-22T11:56:49","modified_gmt":"2023-06-22T09:56:49","slug":"projekte-2018","status":"publish","type":"page","link":"https:\/\/stiftung-hilfreich.de\/?page_id=103","title":{"rendered":"Projekte 2018"},"content":{"rendered":"<p><img loading=\"lazy\" decoding=\"async\" src=\"https:\/\/stiftung-hilfreich.de\/wp-content\/uploads\/haende.jpg\" width=\"1170\" height=\"100\" \/><\/p>\n<h3><span style=\"color: #dd5a27;\">Spuren hinterlassen<\/span><\/h3>\n<p>2018 m\u00f6chte die Stiftung Hilfreich Spuren hinterlassen in den Bereichen der Gesundheit und Erziehung. Wir freuen uns dar\u00fcber, folgende Projekte mit unterst\u00fctzen zu k\u00f6nnen.<\/p>\n<h4><span style=\"color: #dd5a27;\">Bewilligte Projektantr\u00e4ge<\/span><\/h4>\n<p><img loading=\"lazy\" decoding=\"async\" class=\"alignleft size-full wp-image-116\" src=\"https:\/\/stiftung-hilfreich.de\/wp-content\/uploads\/lp-1.jpg\" alt=\"Gelbe Hand\" width=\"65\" height=\"58\" \/>Die Herstellung eines Filmes \u00fcber &#8222;<strong>Wunschgro\u00dfeltern in Braunschweig<\/strong>&#8220; vom <span style=\"background-color: #f8ba0a;\">M\u00fctterzentrum Braunschweig e.V.<\/span> wurde mit gef\u00f6rdert. Im Projekt <a href=\"https:\/\/muetterzentrum-braunschweig.de\/index.php\/de\/11-unser-angebot\" rel=\"noopener noreferrer\" target=\"_blank\"><span style=\"background-color: #f8ba0a;\">Wunschgro\u00dfeltern &#x2197;<\/span><\/a> geben \u00e4ltere Menschen von Ihrer Lebenserfahrung weiter an Kinder, denen ein Gro\u00dfelternkontakt fehlt.<br \/>\nDer fertige Film ist 17 Minuten lang und zeigt sehr anschaulich die Anforderungen und die Freude f\u00fcr Wunschgro\u00dfeltern. Bitte sehen Sie sich den Film doch einfach mal an. <a href=\"https:\/\/muetterzentrum-braunschweig.de\/images\/mz-mgh\/videos\/wge_181025_V2_960x540_SD_540p.mp4\" rel=\"noopener noreferrer\" target=\"_blank\"><span style=\"background-color: #f8ba0a;\">Video Wunschgro\u00dfeltern (MP4-Format) &#x2197;<\/span><\/a><\/p>\n<p><img loading=\"lazy\" decoding=\"async\" src=\"https:\/\/stiftung-hilfreich.de\/wp-content\/uploads\/lp-2.jpg\" alt=\"Blaue Hand spiral\" width=\"77\" height=\"64\" class=\"alignright size-full wp-image-121\" \/>Der <span style=\"background-color: #003d93; color: #dddddd\">Gemeinschaftsraum<\/span> des Hauses A der <a href=\"https:\/\/www.lebenshilfe-braunschweig.de\/wohnen\/wohnstaetten\" rel=\"noopener noreferrer\" target=\"_blank\"><span style=\"background-color: #003d93; color: #dddddd\">Lebenshilfe &#x2197;<\/span><\/a>-Wohnst\u00e4tte in Cremlingen konnte gemeinsam mit den Bewohnern umgestaltet werden. Die Stiftung f\u00f6rderte zu einem Teil (1.000,- \u20ac) das Neustreichen von W\u00e4nden sowie die Anschaffung neuer M\u00f6bel.<\/p>\n<p>Die F\u00f6rderung des Projekts <a href=\"https:\/\/stiftung-hilfreich.de\/?page_id=141#2017verfb\" target=\"_blank\" rel=\"noopener noreferrer\"><span style=\"background-color: #85bb27; color: #ffffff;\">Schulung von Verfahrensbeist\u00e4nden \u2197<\/span><\/a> aus dem Jahr 2017 wurde auch dieses Jahr fortgef\u00fchrt.<\/p>\n","protected":false},"excerpt":{"rendered":"<p>Spuren hinterlassen 2018 m\u00f6chte die Stiftung Hilfreich Spuren hinterlassen in den Bereichen der Gesundheit und Erziehung. Wir freuen uns dar\u00fcber, folgende Projekte mit unterst\u00fctzen zu k\u00f6nnen. Bewilligte Projektantr\u00e4ge Die Herstellung eines Filmes \u00fcber &#8222;Wunschgro\u00dfeltern in Braunschweig&#8220; vom M\u00fctterzentrum Braunschweig e.V. wurde mit gef\u00f6rdert. Im Projekt Wunschgro\u00dfeltern &#x2197; geben \u00e4ltere Menschen von Ihrer Lebenserfahrung weiter an &hellip; <\/p>\n<p><a class=\"more-link btn\" href=\"https:\/\/stiftung-hilfreich.de\/?page_id=103\">Weiterlesen<\/a><\/p>\n","protected":false},"author":1,"featured_media":0,"parent":0,"menu_order":0,"comment_status":"closed","ping_status":"closed","template":"","meta":{"footnotes":""},"class_list":["post-103","page","type-page","status-publish","hentry","nodate","item-wrap"],"_links":{"self":[{"href":"https:\/\/stiftung-hilfreich.de\/index.php?rest_route=\/wp\/v2\/pages\/103","targetHints":{"allow":["GET"]}}],"collection":[{"href":"https:\/\/stiftung-hilfreich.de\/index.php?rest_route=\/wp\/v2\/pages"}],"about":[{"href":"https:\/\/stiftung-hilfreich.de\/index.php?rest_route=\/wp\/v2\/types\/page"}],"author":[{"embeddable":true,"href":"https:\/\/stiftung-hilfreich.de\/index.php?rest_route=\/wp\/v2\/users\/1"}],"replies":[{"embeddable":true,"href":"https:\/\/stiftung-hilfreich.de\/index.php?rest_route=%2Fwp%2Fv2%2Fcomments&post=103"}],"version-history":[{"count":38,"href":"https:\/\/stiftung-hilfreich.de\/index.php?rest_route=\/wp\/v2\/pages\/103\/revisions"}],"predecessor-version":[{"id":566,"href":"https:\/\/stiftung-hilfreich.de\/index.php?rest_route=\/wp\/v2\/pages\/103\/revisions\/566"}],"wp:attachment":[{"href":"https:\/\/stiftung-hilfreich.de\/index.php?rest_route=%2Fwp%2Fv2%2Fmedia&parent=103"}],"curies":[{"name":"wp","href":"https:\/\/api.w.org\/{rel}","templated":true}]}}